2, 3
Let x(o) = -3*o + 1. Let u be x(-4). Let a = u - 9. What are the prime factors of a?
2
What are the prime factors of (15/(-10))/((-12)/688)?
2, 43
Suppose 0 = 2*i + 3*l - 199, -3*i - l + 255 = -61. List the prime factors of i.
107
Let p(z) = 2*z - 3 + 0 + 4 + 0. What are the prime factors of p(2)?
5
Suppose b + 20 = 5*b. Let f = b + 0. Suppose -41 = -f*i + 9. What are the prime factors of i?
2, 5
What are the prime factors of (-1 - 91)/(-2) + 2?
2, 3
Let n be ((-2)/(-3))/((-1)/(-15)). Let s = 17 - n. What are the prime factors of s?
7
Suppose -2*y + l + 93 = 0, -2*y - 2*y - 5*l = -221. What are the prime factors of y?
7
Suppose p = 6 - 1. Suppose -p*h = -25, 2*o - 2*h + 22 = 2*h. What are the prime factors of 2*o*19/(-2)?
19
Let m be (-5)/(-4) + (-3)/12. Suppose 0 = 5*q - m - 4. What are the prime factors of 0/q - (-3 + -2)?
5
Let y(v) = v**2 - 18*v + 19. List the prime factors of y(24).
163
Suppose 0 = -4*i + 314 + 38. Let n = -61 + i. What are the prime factors of n?
3
Let n(s) = 21*s**2 + 5*s + 5. List the prime factors of n(-2).
79
Suppose 3*p + 11 = 2*z, 3*z + 6*p = 3*p + 9. Suppose 2*s - 4*a - 20 = 0, -2*s - z*a - 10 = s. What are the prime factors of s?
2
Let g be (-9)/2 + 1/2. Let j be 2 + (g - 6/(-3)). Suppose 4*h = -12, -3*u + 2*h - 6*h + 24 = j. What are the prime factors of u?
2, 3
Suppose j + 4*h + 15 = 0, 0*h + 15 = -2*j - 5*h. Let b = 13 - j. Suppose -s + b = -1. List the prime factors of s.
3
Let y = 11 - -35. List the prime factors of y.
2, 23
Let m(p) = -p**3 - 3*p**2 + 5*p + 4. Let s be m(-4). Suppose s = -4*d - 0*z + 4*z - 8, 0 = z - 5. Let c = 5 + d. What are the prime factors of c?
2
Let n be 2*(2/4 + 2). Suppose -n*b = 2*l - 37, -4*l - 2*b = -2*l - 40. What are the prime factors of l?
3, 7
Let n be 0 - (-3 - (-2)/(-2)). Suppose -19 + 127 = n*z. What are the prime factors of z?
3
Let i(j) = 2 + j + 4*j - 3*j + 2. What are the prime factors of i(3)?
2, 5
Let f(i) = 2*i + 5 + 1 - 3 + 2*i**2 + 0. List the prime factors of f(3).
3
Let s be 4 + -4 - (-2)/1. Let m(x) = 3*x**3 - 2*x**2 + 3*x - 1. List the prime factors of m(s).
3, 7
List the prime factors of (0 - -3)/(3/26).
2, 13
Suppose 4*s + 13 = -z, z - 5*s + 15 = -7. List the prime factors of -2 + 0 + (-2 - z).
13
Let x be ((-8)/(-4))/(2/71). Suppose 0 = 4*r - 3*s - x, -37 = -3*r - 0*r - s. What are the prime factors of r?
2, 7
Let s(z) = -48*z. What are the prime factors of s(-1)?
2, 3
Let k(n) = 17*n**2 + 5*n - 1. Let t be k(3). Suppose 0 = 4*a + q - 0*q - 139, t = 5*a - q. What are the prime factors of a?
2, 17
Let w = 0 - -7. Let r be (-1)/(0 + -1) - w. List the prime factors of 12 - (r + 0)/(-3).
2, 5
Let c = 181 + -135. List the prime factors of c.
2, 23
Suppose -71*u + 70*u + 15 = 0. List the prime factors of u.
3, 5
Let a = -31 + 103. Suppose -4*y + y + a = 0. Suppose 0 = -0*g + 2*g - y. What are the prime factors of g?
2, 3
Suppose 36*w = 31*w + 165. What are the prime factors of w?
3, 11
Suppose 3*k - 9 = -0*k + 4*s, -2 = -4*k + 2*s. Let a = 3 + k. Suppose 4*x + 8 = 0, 2*h + a*x + 0*x - 4 = 0. List the prime factors of h.
2
Let c(z) be the first derivative of -z**4/4 - 7*z**3/3 - z**2/2 + 8*z + 3. What are the prime factors of c(-7)?
3, 5
Suppose -12 = -5*s + 8. What are the prime factors of (s/(-10))/(3/(-30))?
2
Let l(n) = -4*n**3 - n**2 - 2*n - 1. Suppose -3*b + g = -1, 7*b - 3*b = -3*g - 16. Let q be l(b). Suppose -o + q = 2. What are the prime factors of o?
2
Let j = 122 + -90. What are the prime factors of j?
2
Let q(x) be the first derivative of x**4/4 - 8*x**3/3 - 4*x**2 - 3*x - 2. Let v be (-87)/(-9) + (-4)/6. List the prime factors of q(v).
2, 3
Let v be 2/4 + 621/6. List the prime factors of v/8 - (1 + -4).
2
Let z be (-12)/30 + 34/10. Suppose z*x + q - 50 = 5*q, -4*x + 69 = -3*q. List the prime factors of x.
2, 3
Let y = -5 + 30. List the prime factors of y.
5
Let l = -19 + 64. List the prime factors of l.
3, 5
Let j(m) = m**2 + 11*m + 12. Let q be j(-9). Let w be q/(-27) + 40/(-18). List the prime factors of -1 + (w - (-27)/3).
2, 3
Suppose 4*u + 12 = 8*u. Suppose -l + 72 = 2*v, u*l - 2*l - 34 = -v. List the prime factors of v.
2, 19
What are the prime factors of (-78)/(-2) + 16 + -17?
2, 19
What are the prime factors of (-2)/(-11) + 4592/154?
2, 3, 5
Suppose 3*t = z + 10, 0*t - 3*t + 2 = z. Suppose t*q - 21 = -q. What are the prime factors of q?
7
Suppose 0 = 4*l + 12, 5*l + 21 = -3*v + 4*v. Let o(d) = -d**2 + 8*d + 5. Let x be o(v). Suppose -4*u + x = -7. What are the prime factors of u?
2, 3
Let f = 8 + -4. Let m be -6*f*(-2)/4. Let v = m - 3. What are the prime factors of v?
3
Let x = 38 + 10. Suppose -2*h + 4*h = x. What are the prime factors of h?
2, 3
Let k(t) = -2*t + 4. Let u be k(-3). Suppose -h - u = 3*m, 2*h + m = -m. List the prime factors of h.
5
Suppose -3*j + 414 = 2*b, -4*j - 2*b + 552 = -0*j. List the prime factors of j.
2, 3, 23
Let m be 4/12 + (-277)/3. Let g = 163 + m. Suppose g - 21 = 5*t. List the prime factors of t.
2, 5
Suppose -4*s + 10 - 2 = 0. Suppose -s*d = -0*k + 2*k - 60, -4*d + 21 = k. What are the prime factors of k?
3, 11
Let p(k) = 6*k. Let l be p(-1). Let q be l - (3 - 6) - -5. Suppose -3*u + q*u + 17 = 0. What are the prime factors of u?
17
Suppose 0*i - 5*l = i + 17, -i = 4*l + 13. Suppose i*d - t = 2*d + 45, 3*d - 145 = 5*t. List the prime factors of d.
2, 5
What are the prime factors of 1*173 - 5/(-3 - 2)?
2, 3, 29
Let b(v) = -15*v - 17. List the prime factors of b(-9).
2, 59
Let z = -3 - -6. Suppose -2*w = -3*w + z. List the prime factors of (-6)/w - (-16)/2.
2, 3
Let o(c) = c**3 + 6*c**2 + 5*c - 4. Let h be o(-4). Suppose -5*t = 2*p - 20, 2*p = -0*p + t + h. List the prime factors of p.
5
Let q(y) = -19*y**2 - 7*y - 8. Let f(c) = 19*c**2 + 6*c + 7. Let w(b) = 7*f(b) + 6*q(b). What are the prime factors of w(-1)?
2, 5
Let l = 0 - 0. Suppose 5*z = 5*j - 10 - 45, l = 3*z. What are the prime factors of j?
11
Suppose -13*q = -5*q - 232. What are the prime factors of q?
29
Suppose 2*o = -5*k - 35, -k = 2*k - 3*o + 21. List the prime factors of (-2)/k - 648/(-84).
2
Let j be 4/(-8)*0/(-2). Let b(i) = i**3 + i + 6. List the prime factors of b(j).
2, 3
Let n(d) = d**2 + 8*d - 9. List the prime factors of n(-13).
2, 7
Let m = 28 + -27. Suppose -o - 2*i - i = -5, o + 5*i - m = 0. What are the prime factors of o?
11
Suppose 2*i - 70 = 4*j, i + 20 = 2*i + 3*j. What are the prime factors of i?
29
Let q = 21 + -12. Suppose -15 = -3*n + q. What are the prime factors of n?
2
Let s(i) = 1 + 2 - 5 + i**2 + 2*i. Suppose -3 = f - j, 19 + 2 = -5*f - j. List the prime factors of s(f).
2, 3
Let x(u) = -u + 39. Let q be x(0). Let z = 71 - q. List the prime factors of z.
2
Let s be (-35)/7*(-14)/10. Let i = s + 8. What are the prime factors of i?
3, 5
Let q(g) = -g**2 + 10*g - 9. Let s be q(9). Suppose -2*d + 52 = 4*u, -2*u + s*d + 18 = -3*d. List the prime factors of u.
2, 3
Let f(t) = 24*t**2 + t - 1. Let w be f(1). Suppose 4*b = 2*b + w. List the prime factors of b.
2, 3
Suppose 4*p = -a - 6, 5*p - 5 = -0*p. Let g(o) = -o**2 - 12*o + 13. What are the prime factors of g(a)?
3, 11
Let b = 120 + -49. What are the prime factors of b?
71
Suppose -6*l + 3*l + 97 = -n, -n = -5*l + 161. What are the prime factors of l?
2
Suppose 2*p - 4*h + 263 = 3*p, h = 2*p - 535. What are the prime factors of p?
3, 89
Let w = -6 - -10. Suppose -b + 39 = 5*y, w*b + 17 = 3*y + 58. List the prime factors of b.
2, 7
Suppose -5*h + 4*t = -0*h - 195, 0 = -t - 5. List the prime factors of h.
5, 7
Let b(q) = 2*q + 7. Let d = -2 + 7. What are the prime factors of b(d)?
17
What are the prime factors of ((-2)/1)/(2 + 868/(-432))?
2, 3
Suppose w - 13 - 16 = 0. List the prime factors of w.
29
Let l(u) = 15*u**2 - 6*u - 1. What are the prime factors of l(-3)?
2, 19
Let o = 25 + -25. Suppose o = -2*y + 51 + 23. List the prime factors of y.
37
What are the prime factors of (18/(-27))/((-4)/198)?
3, 11
Let x(u) = -u**2 + 9*u + 5. Let o(n) = n**2 - n + 2. Let h = 5 + -2. Let f be o(h). List the prime factors of x(f).
13
Let q be 8/(-36) + (-353)/(-9). List the prime factors of 297/13 - (-6)/q.
23
Let y = 15 + -11. Suppose y*u + 4 = 28. Let z = u - 1. What are the prime factors of z?
5
Let v = -60 - -91. List the prime factors of v.
31
Suppose -4*w + 3*z + 8 = 7*